 4*i - 3317 = -677. What is the greatest common factor of i and 275?
55
Suppose 16*x - 300 = 6*x. What is the greatest common factor of x and 90?
30
Suppose -2*n - 54 = -2*f, 0 = 5*n - 0 + 10. Let k = 30 - f. What is the highest common factor of 15 and k?
5
Suppose -10*h + 360 = -2*h. What is the highest common factor of 117 and h?
9
Suppose y - 4 = 5*y. Let d = 0 - y. Let p = 3 - d. Calculate the greatest common factor of p and 2.
2
Suppose -3*f = 2*r - r + 395, -3*r = 5*f + 657. Suppose 276 = -16*v + 12*v. Let o = v - f. Calculate the highest common factor of 7 and o.
7
Let z = 6 - 6. Suppose 3*t + i = -0*i + 20, z = 2*t + 4*i. Suppose -t = 4*h, -5*h + h = -3*y + 359. What is the greatest common divisor of y and 13?
13
Let l = 246 + -138. Let k = -469 - -481. Calculate the highest common factor of k and l.
12
Suppose 3*d + 40 = -2*d. Let w be 0 - 2*28/d. Suppose 0 = -5*n + 33 + w. Calculate the highest common factor of n and 40.
8
Let j = 44 - 37. Suppose q + 72 = j*q. Calculate the greatest common factor of q and 132.
12
Let s = 137 + -52. Let b be 31/((-3)/(-3)) - (-3 - 0). Calculate the greatest common factor of b and s.
17
Let f = -6 - -69. Let z(y) = 10 + 6*y - 3 - 2*y + 4*y + y**2. Let b be z(-8). Calculate the greatest common factor of f and b.
7
Let x(r) = -39*r - 550. Let m be x(-15). What is the greatest common divisor of m and 3395?
35
Let g = 84 + -57. Suppose k - g - 67 = -4*s, 5*s + 240 = 2*k. What is the highest common factor of k and 44?
22
Let d be 3/3*(-5 + 0). Let k = 0 - d. Let m = -3 + 8. What is the greatest common factor of k and m?
5
Let u be (-26)/(-6)*(30 - -108). Calculate the highest common divisor of u and 26.
26
Let g(a) = -a**2 + 9*a + 11. Suppose -8*c + 9*c = 9. Suppose 4*k + c = 45. Let q be g(k). What is the highest common divisor of q and 55?
11
Let u = -69 + 133. Let l(i) = i**2 + 9*i - 2. Let s be l(-11). Let m = s + -12. What is the greatest common factor of m and u?
8
Suppose -2*w - 2*a + 31 + 5 = 0, -w + 2*a = -6. What is the highest common factor of 1134 and w?
14
Suppose 0 = -2*f + 2*u + 558, 82 + 759 = 3*f + u. Let x be ((-52)/(-5))/(14/f). What is the greatest common factor of x and 26?
26
Let f be (-1 + -2)/(48/(-544)*1). Calculate the highest common factor of f and 17.
17
Let c = -197 + 307. Calculate the highest common divisor of c and 20.
10
Let r be (-259)/(-35) - (-2)/(-5). Let y(g) = -5 - r*g - g**2 - 10 + 3*g**2 - g**2. Let d be y(12). Calculate the greatest common divisor of d and 5.
5
Suppose a = -2*a + 2*o + 107, 0 = -a + 3*o + 38. Calculate the highest common factor of 595 and a.
35
Let m(j) = j**3 + j - 2. Let a be m(2). Let b be 249*(a/3 + -3). Let y be (-2)/(-4) - b/2. Calculate the greatest common divisor of 21 and y.
21
Suppose 0 = -2*x - 8*x + 150. Calculate the highest common factor of x and 255.
15
Let j = 451 - 395. What is the greatest common factor of j and 308?
28
Let x(k) = -61*k + 545. Let h be x(-11). What is the greatest common factor of 8 and h?
8
Let l be -17*(0 + -2 + 1). Suppose m - 2*x - 58 = 3*x, -2*x = -4. Calculate the greatest common factor of l and m.
17
Let k = -91 - -110. Calculate the greatest common factor of k and 209.
19
Let k = -18 - -42. Suppose h + k = 30. Suppose 0 = -8*b + 5*b + 5*l + 121, 5*b - 206 = 4*l. What is the highest common factor of h and b?
6
Suppose -2*a = q - 77 - 10, 3*a = -5*q + 134. Calculate the greatest common factor of a and 688.
43
Let g = 689 + -643. Calculate the highest common divisor of 529 and g.
23
Suppose k + 4*t = -5 - 4, -36 = -4*k + 2*t. Calculate the highest common factor of 14 and k.
7
Let l = 86 + -158. Let c be l/48*(-50)/3. Calculate the greatest common divisor of 100 and c.
25
Let k be (-402)/(-10) + 2 + 11/(-5). What is the highest common divisor of 80 and k?
40
Suppose -4*x = -4*p + 64 + 64, -5*p + 164 = -3*x. Calculate the greatest common factor of 1836 and p.
34
Suppose 5*g = 6*g - 15. Let s be (8/(-10))/((-3)/g). Calculate the greatest common factor of 10 and s.
2
Let j be (11 + -30)/(2 - 2 - 1). What is the highest common factor of j and 38?
19
Let l = -1603 - -2678. Calculate the greatest common divisor of 43 and l.
43
Let t be (-1 + 5)/(-4) + 39. Let a = 6 + t. What is the greatest common factor of a and 11?
11
Let x = -456 + 462. Calculate the highest common factor of 66 and x.
6
Let x = 81 - -154. Suppose 0*t + t - x = -5*h, -58 = -h + 2*t. Suppose h - 19 = b. What is the greatest common divisor of b and 145?
29
Let u(j) = j + 33. Let g be u(0). Let t = -5 + 8. Suppose o = -0 - 2, 4*a = -t*o + 654. Calculate the highest common divisor of a and g.
33
Suppose -5*m + 101 = -99. Suppose -5*w - 40 = -4*i, 5*i - 50 = w - 2*w. Calculate the greatest common divisor of m and i.
10
Suppose v = -v + 5*t + 140, 210 = 3*v + t. Calculate the highest common factor of 112 and v.
14
Let k = -3 + 1053. What is the greatest common divisor of 28 and k?
14
Suppose -5*k + 89 + 36 = 0. Let a be (-2310)/308*(1 - (-10)/(-6))*3. What is the greatest common factor of k and a?
5
Let u = 660 + -628. What is the greatest common factor of u and 368?
16
Let n(f) = 2*f**2 - 4*f + 12. Let a be n(6). Let o = -36 + a. Let b(k) = -2*k**3 + k**2 + k. Let h be b(-3). What is the greatest common factor of o and h?
12
Let x(p) = p**3 + 9*p**2 - p - 10. Let j be x(-9). Let d be (-14)/(-4)*-4*j. Suppose 4*a = 62 - d. Calculate the highest common factor of 18 and a.
6
Let a = -33 + 33. Suppose -338 = -2*j - a*j. What is the highest common divisor of j and 13?
13
Suppose -3*g - g + 512 = -4*t, -g + 130 = -2*t. Let b = g - 108. Calculate the greatest common factor of 90 and b.
18
Let z(a) = a**2 - 3*a - 4. Let t be z(6). Let m = -32 - -158. Calculate the greatest common divisor of m and t.
14
Suppose 115*q + 72 = 121*q. Calculate the highest common factor of 12 and q.
12
Let d(q) = q**3 - 3*q**2 - 4*q - 4. Let g be d(4). Suppose 6*t + 4 - 52 = 0. Let w = g + t. What is the greatest common factor of 24 and w?
4
Let d = -14 - -11. Let q be (-1 + 3)*d*1. Let t(v) = -3*v + 3. Let m be t(q). What is the highest common factor of 3 and m?
3
Let q(y) = -y**2 + 8*y + 14. Let t be q(7). Calculate the highest common divisor of 399 and t.
21
Let u = 23 + 76. Let x = u - 90. Suppose -20 = 5*v - v, -205 = -5*z - 4*v. What is the greatest common divisor of z and x?
9
Suppose -4*f + 8 = -0*f. Let j be 7 + (-2)/1 - (0 - -3). Calculate the greatest common factor of j and f.
2
Suppose -3*i = i - 20. Let w = 15 - i. Let c(s) = -15*s**3 - 3*s**2 - 2*s - 2. Let f be c(-2). Calculate the greatest common factor of f and w.
10
Let j = 305 + -294. Calculate the greatest common divisor of j and 176.
11
Let k = 310 + -285. Let q(c) be the first derivative of -8*c**2 - 5*c + 1. Let p be q(-5). What is the greatest common factor of p and k?
25
Suppose 30*u - 8288 = -2*u. What is the highest common divisor of 74 and u?
37
Let r = -43 + 22. Let x = 23 + r. Let p be ((-20)/8 - -3)*4. Calculate the greatest common factor of p and x.
2
Let x = -192 - -292. Let a be 3/(60/8)*x. Let w = 85 + -25. What is the greatest common divisor of w and a?
20
Let z be (-60)/(-105) + (-534)/(-21) - -3. Let b be (-1454)/(-10) - 2/5. What is the greatest common divisor of z and b?
29
Suppose 2*k - 6*k + 143 = w, 0 = -5*w + 3*k + 669. What is the highest common divisor of w and 30?
15
Let b be ((-3)/((-45)/(-20)))/(16/(-216)). What is the greatest common factor of 162 and b?
18
Suppose 15*n - 12*n + 3 = 0. Let y be 1/(n/(-70) + 0). Suppose -4*s = q - 6, -q + 3*s = 4*s - 12. What is the greatest common divisor of y and q?
14
Let r be 2/7 + 120/21. Suppose -22 = -5*w - 4*p + 38, -3*w = 3*p - 36. Calculate the highest common divisor of r and w.
6
Let k(w) = -37*w**2 + 75*w**2 - 36*w**3 - 40*w**2 - w + 1. Let s be k(-1). What is the greatest common factor of 54 and s?
18
Suppose 31 + 43 = b + 5*g, 3*b - 272 = -5*g. Calculate the greatest common divisor of b and 66.
33
Let o(u) = 2*u**2 - 4. Let b be o(3). Let q be (-8)/3*(-297)/12. Suppose q = 5*y - b. Calculate the greatest common divisor of y and 16.
16
Let p be 0/(-3)*1/2. Suppose 3*x + 2*x = p. Suppose 5*k = -4*w + 687, x = -3*w + 4*k - 3*k + 501. What is the greatest common factor of 21 and w?
21
Let m be (-6)/18*9 + 129 + 2. Calculate the highest